k. What is the hundreds digit of k?
1
Let j(z) = 7*z**3 - 50*z**2 + 58*z - 85. What is the tens digit of j(18)?
8
Let o(s) = 21*s**2 - 2. Let n be o(5). Let l = 1689 - n. Suppose 11*z - l = -385. What is the units digit of z?
1
Let g = 29756 + -10512. What is the ten thousands digit of g?
1
Let y = -602 - -1708. Suppose 0 = 2*z - 2*t - 746, z + 2*z + 5*t = 1127. Suppose -10*c + y + z = 0. What is the units digit of c?
8
Let l = -8658 + 20090. What is the thousands digit of l?
1
Let l be 25/(-200) - 82/(-16) - 5. Suppose -5*j - 5*k + 3020 = l, 4*j + 5*k - 2421 = 2*k. What is the tens digit of j?
0
What is the units digit of 196*67 - (-17)/((-68)/(-24))?
8
Suppose 0 = 429*u - 444*u + 198120. What is the ten thousands digit of u?
1
Let n = 3020 - 2351. What is the tens digit of n?
6
Suppose 9*b = 19*b - 292980. Suppose -19*j - 6973 = -b. What is the thousands digit of j?
1
Suppose 3*r - 6*x + 20 = -2*x, -20 = -r - 4*x. Let o be (r - 1)*(-29 + 4). Let f(s) = s**3 - 24*s**2 - 21*s + 3. What is the hundreds digit of f(o)?
1
Suppose -9*a = -5 - 67. Let v be a/(8/(-12)*-3). What is the units digit of (-13788)/(-135) - v/30?
2
Let q = -3630 + 8844. What is the tens digit of q?
1
Let x(i) = -7*i + 4. Let r be x(-3). Suppose 0 = -2*k + 4*g + 80, 10*k + 3*g = 5*k + 226. Let c = k - r. What is the units digit of c?
9
What is the thousands digit of 6/8 + ((-94359)/(-8))/((-39)/(-26))?
7
What is the ten thousands digit of ((-570)/399)/(4/7) - 245372/(-8)?
3
Suppose n - 23 = 4*r + 9, 0 = 3*n - 4*r - 72. Let c = n - 23. What is the tens digit of (-1 - c) + -6 + 1*119?
1
Let u be (-6)/14 - 135/(-21). Suppose 2*z + u = 14. Suppose -2*p - 12 = -z*p. What is the units digit of p?
6
Let s(x) = 33*x - 8. Let o be s(-7). Suppose 6*q - 10*q - 524 = 0. Let c = q - o. What is the units digit of c?
8
Let r(x) = 363*x - 385. Let u be r(25). Suppose 8*k + 3450 = u. What is the hundreds digit of k?
6
Suppose -18*w = -13*w - 10. Suppose 5*h + 2*l - 383 = 173, w*h - 4*l - 232 = 0. What is the tens digit of h?
1
What is the hundreds digit of (-5 + (-11053)/28)/(2 - 856/416)?
9
Let m(d) = 2546*d**3 - 2*d**2 - 2*d + 5. Let f be m(1). Let q = f - 1094. What is the hundreds digit of q?
4
Suppose -4*c - 21*o = -24*o - 11429, -c = -4*o - 2867. Let l = c + -1868. What is the units digit of l?
7
Suppose -25*y - 58400 = -33*y. Suppose 2*z - y = -4*r, 4*r + 3*z + 3813 = 11115. What is the tens digit of r?
2
Suppose 0 = 4028*s - 4023*s - 35180. What is the thousands digit of s?
7
Let f = -21 + 14. What is the units digit of (23 - -6 - -4)/((-1)/f)?
1
Suppose g = -5*n - 859, -n - g + 173 = -2*n. Let b = n - -624. What is the tens digit of b?
5
Let q(n) = -8*n + 8. Let b be q(1). Let i be (b - 16)*(-725)/20. Suppose -5*h + 2*l + 3*l = -i, 3*l = 5*h - 574. What is the tens digit of h?
1
Let y(x) = -112*x**2 - 21*x - 4. Let p be y(2). Let d = p - -1214. What is the units digit of d?
0
Suppose a + 20 = -4*a, -3*w + 13 = -4*a. Let s be 3*w - (-23 + 19). Let h = 5 + s. What is the units digit of h?
6
Suppose 0 = 2*d + a - 73, -2*d - 5*a + 26 + 27 = 0. Let i = -35 + d. Suppose 578 + 171 = 4*l + 5*g, i*l + 3*g = 739. What is the hundreds digit of l?
1
Let o be 2 + 1 + 0 + 3. Suppose 2*p - o*p = -180. Suppose -10 - p = -n. What is the tens digit of n?
5
Let z = -76 + 179. Let l = 225 - z. Suppose l = 6*v - 136. What is the units digit of v?
3
Let v be (1 - -1)*18/(-36). What is the units digit of 2046/8 + -6*v/(-8)?
5
Let g = -21 - -26. Suppose 1169 - 334 = g*t. What is the units digit of t?
7
Suppose 5*g - 47*k = -46*k + 14888, 3*g - k - 8934 = 0. What is the tens digit of g?
7
Let i(s) = 48*s**2 - 9*s + 29. Let q be ((-52)/8 - -7)*12. What is the units digit of i(q)?
3
Suppose -2470 = 7*y + 12*y. What is the thousands digit of (-106 + -1)/(13/y)?
1
Let i(k) = -2*k**3 + 14*k**2 - 78*k + 79. What is the hundreds digit of i(-23)?
6
What is the ten thousands digit of (-89 - 44595)/(-3 + -1)?
1
Let r(s) = 738*s**2 - 198*s - 1303. What is the hundreds digit of r(-7)?
2
What is the thousands digit of ((-86480)/1645)/((-2)/889)?
3
Let c(z) = -z**2 - 18*z + 24. Let b be c(-15). What is the hundreds digit of ((-460)/b)/(2/(-99))?
3
Let w be 234/65*10/3. Let s = w + -10. Suppose 0 = s*p - 81 - 19. What is the units digit of p?
0
Let v be (0 - (-2)/4) + 18/(-4). Let y be (-7)/28 + (-2849)/v. Suppose -5*n = 4*m - 540, 3*n = 4*m + m - y. What is the units digit of m?
0
Let o = -10177 - -88638. What is the hundreds digit of o?
4
Suppose 2*m - 3*z = -7, m - 6*m + 4*z - 14 = 0. Let r be 0/(1 + m)*(-5)/10. Suppose r = 4*o - d - 189, -4*o + 237 = -3*d + 38. What is the units digit of o?
6
Let t = -11336 + 20285. What is the hundreds digit of t?
9
Let a = -37 - -7. Let m = 195 + -168. Let p = m - a. What is the units digit of p?
7
Let h(u) = -66*u - 43. Let c(v) = -131*v - 84. Let m(d) = 4*c(d) - 10*h(d). What is the tens digit of m(5)?
7
Suppose 218 = 14*o - 188. Suppose o - 153 = -k. What is the units digit of k?
4
Suppose 3*g = 6*g + 996. Let t = g + 701. What is the hundreds digit of t?
3
Suppose 5*m + 2*d = 19171, 0 = -4*m - 30*d + 27*d + 15341. What is the hundreds digit of m?
8
Let h(n) = 2*n**2 + 13*n - 19. Let r be h(-8). Suppose -1529 = -5*i + 3*c, 7*i - 3*i + r*c - 1238 = 0. What is the hundreds digit of i?
3
Let g = 138 + -62. Suppose t = -0*t - g. Let y = t + 140. What is the units digit of y?
4
Let m(d) = 11*d**2 + 8*d + 14. Let y(j) = -21*j**2 - 14*j - 28. Let o(t) = -11*m(t) - 6*y(t). What is the units digit of o(-6)?
8
Let l = 150 + -148. Let a(t) = 10*t - t**3 + t**l + 16*t**2 - 8*t**2 - 3. What is the tens digit of a(9)?
8
Suppose -63*q = -32*q - 27*q - 44352. What is the hundreds digit of q?
0
Let g(n) = -8*n**3 + 4*n**2 - 61*n - 1700. What is the ten thousands digit of g(-19)?
5
Let z = 1 + -21. Let b = z + 25. Suppose -b*i - 2*n + 201 = -399, 5*n - 480 = -4*i. What is the hundreds digit of i?
1
Suppose 22*k - 6*k + 363998 = 98*k. What is the units digit of k?
9
Let d(q) = -q. Let a(x) = -x**2 - 21*x - 2. Let l(g) = a(g) - 2*d(g). Suppose -14*w = 30 + 110. What is the tens digit of l(w)?
8
Let u = 28 + -22. Let n be 3 + u*(-1)/(-10)*135. Let k = n + -32. What is the tens digit of k?
5
Let g(m) be the first derivative of m**4/4 + 14*m**3/3 - 5*m**2 + 10*m + 28. Let d be g(-15). Let z = d + 70. What is the units digit of z?
5
Let z be 1/(-4) + (-34)/(-8). Suppose -2*v = -6*v + 12, -3 = -z*o - 5*v. What is the tens digit of 43 + (-1 - o) + 3 + -2?
4
Suppose -3*i = 4*j - 65570, 10354 = 3*j + 2*i - 38822. What is the thousands digit of j?
6
Let d(c) = -906*c**2 + 3*c + 13. Let l be d(-3). What is the hundreds digit of (-4)/22 - l/55?
1
Let a be 2/3 - 6/36*-14. Suppose a*f = -0*f + 24. Suppose 341 + 19 = f*l. What is the units digit of l?
5
Let f(w) = 2*w**2 - 103*w + 770. What is the ten thousands digit of f(-84)?
2
Let r = 15278 - 8209. What is the units digit of r?
9
Let h = -739 - -744. Suppose 2*d = -2*w + 1354, 0 = -2*w - h*d + 1493 - 139. What is the tens digit of w?
7
Let i = -21 - -46. Suppose i*p = 22*p + 6. Suppose 4*y + 200 = p*d - 70, 438 = 3*d + 5*y. What is the tens digit of d?
4
Let b(d) = -d**3 - 13*d**2 + 31*d - 76. Let s(t) = -3*t**2 + 90*t - 17. Let j be s(30). What is the units digit of b(j)?
3
Suppose -14*x + 207 = -2943. Let z be (124 - -1) + (2 - 2). Let c = x - z. What is the hundreds digit of c?
1
Let t(i) = -280*i - 410. What is the thousands digit of t(-26)?
6
Suppose -5952*j + 361550 = -5942*j. What is the units digit of j?
5
Suppose -4*w + 17 + 3 = 0. Suppose -263 = -w*t - 8. Suppose 2*n - 49 = t. What is the tens digit of n?
5
What is the tens digit of 170379/6 + 19/(-38)?
9
Let h = 311 - 286. Suppose h*m + 2*m = 5184. What is the units digit of m?
2
Suppose 2*s + 3*s + 1335 = 0. Let g(p) = -2*p**3 + 2*p**2 + 17*p - 32. Let u be g(5). Let k = u - s. What is the tens digit of k?
2
Let p be (-5)/(((-2)/2)/1). Suppose -3*d + 238 = -p*d. Let g = -45 - d. What is the units digit of g?
4
Let k be (-21)/(-12)*112/(-7). Let d = -23 - k. Suppose -t + 2*u + 9 + 48 = 0, d*t = -2*u + 309. What is the tens digit of t?
6
Let i(k) be the first derivative of -k**3/3 + 14*k**2 - 31*k - 61. What is the units digit of i(9)?
0
Let u be (-476)/10 - -4*3/(-30). Let c = -46 - u. What is 